{"id":2,"date":"2021-02-18T12:15:06","date_gmt":"2021-02-18T12:15:06","guid":{"rendered":"https:\/\/lifewatch.unibuc.ro\/?page_id=2"},"modified":"2021-04-27T10:55:42","modified_gmt":"2021-04-27T10:55:42","slug":"pagina-exemplu","status":"publish","type":"page","link":"https:\/\/lifewatch.unibuc.ro\/?page_id=2","title":{"rendered":"Scop \u0219i obiective"},"content":{"rendered":"\n<p>Scop: Dezvoltarea si modernizarea unor componente ale infrastructurii ca suport pentru activitatea de cercetare ecosistemic\u0103 \u015fi biodiversitate si pentru formarea resursei umane in cadrul Universitatii din Bucuresti in domenii conexe. <\/p>\n\n\n\n<p>\u2022Proiectul raspunde necesitatii alinierii tehnologice ale infrastructurilor de cercetare din Romania la cele existente pe plan European, facand parte din eforturile de coagulare a unor entitati de cercetare transfrontaliere capabile sa concentreze si sa mobilizeze eforturi materiale si umane pentru rezolvarea unor probleme de acuta stringenta (care tin de partea de management al capitalului natural spre exemplu) dar si cercetare fundamentala. <\/p>\n\n\n\n<p>\u2022La nivel national scopul proiectului este legat de dezvoltarea unei infrastructuri de calcul de inalta performanta impreuna cu infrastructura distribuita generatoare de date (laboratoare, module, submodule) care sa asigure integrarea, stocarea \u015fi analizarea datelor c\u00e2t \u015fi distribuirea acestora factorilor interesa\u0163i pentru evaluarea capitalului natural si a impactului indus asupra sistemelor socio-ecologice de catre activitatile antropice.<\/p>\n\n\n\n<p><strong>Obiectivele specifice ale proiectului<\/strong> <\/p>\n\n\n\n<ol class=\"wp-block-list\"><li>Dezvoltarea unei infrastructuri de cercetare parte a ERIC LIFEWATCH prin implementarea unui sistem de calcul de \u00eenalt\u0103 performan\u0163\u0103 (HPC), ca suport al unei abordari transdisciplinare in domeniul capitalului natural si al modificarilor climatice, inclusiv al impactului indus asupra sistemelor socio-ecologice: a. dezvoltarea de facilit\u0103\u0163i de integrare datelor generate de o re\u0163ea de senzori distribuiti (Datacenter Sinaia, inclusiv capabilitati distribuite); b. dezvoltarea de servicii pentru vizualizarea, analiza \u015fi modelarea datelor (Datacenter Sinaia). <\/li><li>Colocarea ( dezvoltarea de supersituri in Baltile Brailei si Delta Dunarii) ca suport pentru infrastructuri relevante (Lifewatch, ICOS, eLTER, Danubius- RI etc); a. implementarea\/cuplarea elementelor infrastructurii na\u0163ionale de senzori capabili s\u0103 furnizeze informa\u0163ii relevante in domeniul capitalului natural si al modificarilor climatice, inclusiv al impactului indus de aceastea asupra sistemelor socio-ecologice (statii de monitorizare si cercetari complexe);<\/li><li>Dezvoltarea capacit\u0103\u0163ilor de cercetare cu scopul de a favoriza: a) producerea datelor \u015fi utilizarea \u00een comun a acestora; b) exploatarea resurselor IT \u015fi a serviciilor \u00een re\u0163ea; c) crearea de noi oportunit\u0103\u0163i pentru dezvoltarea cunoa\u015fterii la scar\u0103 larg\u0103; d) accesul la colectarea datelor utiliz\u00e2nd noi tehnologii;e) ob\u0163inerea cuno\u015ftin\u0163elor pentru asistarea deciziilor; f) desf\u0103\u015furarea programelor de instruire \u015fi perfec\u0163ionare.<\/li><\/ol>\n","protected":false},"excerpt":{"rendered":"<p>Scop: Dezvoltarea si modernizarea unor componente ale infrastructurii ca suport pentru activitatea de cercetare ecosistemic\u0103 \u015fi biodiversitate si pentru formarea resursei umane in cadrul Universitatii din Bucuresti in domenii conexe. \u2022Proiectul raspunde necesitatii alinierii tehnologice ale infrastructurilor de cercetare din Romania la cele existente pe plan European, facand parte din eforturile de coagulare a unor <a class=\"read-more\" href=\"https:\/\/lifewatch.unibuc.ro\/?page_id=2\">Read More<\/a><\/p>\n","protected":false},"author":1,"featured_media":0,"parent":0,"menu_order":0,"comment_status":"closed","ping_status":"open","template":"","meta":{"footnotes":""},"class_list":["post-2","page","type-page","status-publish","hentry"],"yoast_head":"<!-- This site is optimized with the Yoast SEO plugin v27.4 - https:\/\/yoast.com\/product\/yoast-seo-wordpress\/ -->\n<title>Scop \u0219i obiective - Int\u0103rirea capacit\u0103\u0163ii de cercetare ecosistemic\u0103 \u0219i biodiversitate a Universit\u0103\u0163ii Bucure\u015fti prin e-\u0219tiin\u021b\u0103 \u0219i tehnologie \u2013 Lifewatch Rom\u00e2nia<\/title>\n<meta name=\"robots\" content=\"index, follow, max-snippet:-1, max-image-preview:large, max-video-preview:-1\" \/>\n<link rel=\"canonical\" href=\"https:\/\/lifewatch.unibuc.ro\/?page_id=2\" \/>\n<meta property=\"og:locale\" content=\"ro_RO\" \/>\n<meta property=\"og:type\" content=\"article\" \/>\n<meta property=\"og:title\" content=\"Scop \u0219i obiective - Int\u0103rirea capacit\u0103\u0163ii de cercetare ecosistemic\u0103 \u0219i biodiversitate a Universit\u0103\u0163ii Bucure\u015fti prin e-\u0219tiin\u021b\u0103 \u0219i tehnologie \u2013 Lifewatch Rom\u00e2nia\" \/>\n<meta property=\"og:description\" content=\"Scop: Dezvoltarea si modernizarea unor componente ale infrastructurii ca suport pentru activitatea de cercetare ecosistemic\u0103 \u015fi biodiversitate si pentru formarea resursei umane in cadrul Universitatii din Bucuresti in domenii conexe. \u2022Proiectul raspunde necesitatii alinierii tehnologice ale infrastructurilor de cercetare din Romania la cele existente pe plan European, facand parte din eforturile de coagulare a unor Read More\" \/>\n<meta property=\"og:url\" content=\"https:\/\/lifewatch.unibuc.ro\/?page_id=2\" \/>\n<meta property=\"og:site_name\" content=\"Int\u0103rirea capacit\u0103\u0163ii de cercetare ecosistemic\u0103 \u0219i biodiversitate a Universit\u0103\u0163ii Bucure\u015fti prin e-\u0219tiin\u021b\u0103 \u0219i tehnologie \u2013 Lifewatch Rom\u00e2nia\" \/>\n<meta property=\"article:modified_time\" content=\"2021-04-27T10:55:42+00:00\" \/>\n<meta name=\"twitter:card\" content=\"summary_large_image\" \/>\n<meta name=\"twitter:label1\" content=\"Timp estimat pentru citire\" \/>\n\t<meta name=\"twitter:data1\" content=\"2 minute\" \/>\n<script type=\"application\/ld+json\" class=\"yoast-schema-graph\">{\"@context\":\"https:\\\/\\\/schema.org\",\"@graph\":[{\"@type\":\"WebPage\",\"@id\":\"https:\\\/\\\/lifewatch.unibuc.ro\\\/?page_id=2\",\"url\":\"https:\\\/\\\/lifewatch.unibuc.ro\\\/?page_id=2\",\"name\":\"Scop \u0219i obiective - Int\u0103rirea capacit\u0103\u0163ii de cercetare ecosistemic\u0103 \u0219i biodiversitate a Universit\u0103\u0163ii Bucure\u015fti prin e-\u0219tiin\u021b\u0103 \u0219i tehnologie \u2013 Lifewatch Rom\u00e2nia\",\"isPartOf\":{\"@id\":\"https:\\\/\\\/lifewatch.unibuc.ro\\\/#website\"},\"datePublished\":\"2021-02-18T12:15:06+00:00\",\"dateModified\":\"2021-04-27T10:55:42+00:00\",\"breadcrumb\":{\"@id\":\"https:\\\/\\\/lifewatch.unibuc.ro\\\/?page_id=2#breadcrumb\"},\"inLanguage\":\"ro-RO\",\"potentialAction\":[{\"@type\":\"ReadAction\",\"target\":[\"https:\\\/\\\/lifewatch.unibuc.ro\\\/?page_id=2\"]}]},{\"@type\":\"BreadcrumbList\",\"@id\":\"https:\\\/\\\/lifewatch.unibuc.ro\\\/?page_id=2#breadcrumb\",\"itemListElement\":[{\"@type\":\"ListItem\",\"position\":1,\"name\":\"Home\",\"item\":\"https:\\\/\\\/lifewatch.unibuc.ro\\\/\"},{\"@type\":\"ListItem\",\"position\":2,\"name\":\"Scop \u0219i obiective\"}]},{\"@type\":\"WebSite\",\"@id\":\"https:\\\/\\\/lifewatch.unibuc.ro\\\/#website\",\"url\":\"https:\\\/\\\/lifewatch.unibuc.ro\\\/\",\"name\":\"Int\u0103rirea capacit\u0103\u0163ii de cercetare ecosistemic\u0103 \u0219i biodiversitate a Universit\u0103\u0163ii Bucure\u015fti prin e-\u0219tiin\u021b\u0103 \u0219i tehnologie \u2013 Lifewatch Rom\u00e2nia\",\"description\":\"\",\"publisher\":{\"@id\":\"https:\\\/\\\/lifewatch.unibuc.ro\\\/#organization\"},\"potentialAction\":[{\"@type\":\"SearchAction\",\"target\":{\"@type\":\"EntryPoint\",\"urlTemplate\":\"https:\\\/\\\/lifewatch.unibuc.ro\\\/?s={search_term_string}\"},\"query-input\":{\"@type\":\"PropertyValueSpecification\",\"valueRequired\":true,\"valueName\":\"search_term_string\"}}],\"inLanguage\":\"ro-RO\"},{\"@type\":\"Organization\",\"@id\":\"https:\\\/\\\/lifewatch.unibuc.ro\\\/#organization\",\"name\":\"Int\u0103rirea capacit\u0103\u0163ii de cercetare ecosistemic\u0103 \u0219i biodiversitate a Universit\u0103\u0163ii Bucure\u015fti prin e-\u0219tiin\u021b\u0103 \u0219i tehnologie \u2013 Lifewatch Rom\u00e2nia\",\"url\":\"https:\\\/\\\/lifewatch.unibuc.ro\\\/\",\"logo\":{\"@type\":\"ImageObject\",\"inLanguage\":\"ro-RO\",\"@id\":\"https:\\\/\\\/lifewatch.unibuc.ro\\\/#\\\/schema\\\/logo\\\/image\\\/\",\"url\":\"https:\\\/\\\/lifewatch.unibuc.ro\\\/wp-content\\\/uploads\\\/2021\\\/04\\\/cropped-Picture1.jpg\",\"contentUrl\":\"https:\\\/\\\/lifewatch.unibuc.ro\\\/wp-content\\\/uploads\\\/2021\\\/04\\\/cropped-Picture1.jpg\",\"width\":878,\"height\":200,\"caption\":\"Int\u0103rirea capacit\u0103\u0163ii de cercetare ecosistemic\u0103 \u0219i biodiversitate a Universit\u0103\u0163ii Bucure\u015fti prin e-\u0219tiin\u021b\u0103 \u0219i tehnologie \u2013 Lifewatch Rom\u00e2nia\"},\"image\":{\"@id\":\"https:\\\/\\\/lifewatch.unibuc.ro\\\/#\\\/schema\\\/logo\\\/image\\\/\"}}]}<\/script>\n<!-- \/ Yoast SEO plugin. -->","yoast_head_json":{"title":"Scop \u0219i obiective - Int\u0103rirea capacit\u0103\u0163ii de cercetare ecosistemic\u0103 \u0219i biodiversitate a Universit\u0103\u0163ii Bucure\u015fti prin e-\u0219tiin\u021b\u0103 \u0219i tehnologie \u2013 Lifewatch Rom\u00e2nia","robots":{"index":"index","follow":"follow","max-snippet":"max-snippet:-1","max-image-preview":"max-image-preview:large","max-video-preview":"max-video-preview:-1"},"canonical":"https:\/\/lifewatch.unibuc.ro\/?page_id=2","og_locale":"ro_RO","og_type":"article","og_title":"Scop \u0219i obiective - Int\u0103rirea capacit\u0103\u0163ii de cercetare ecosistemic\u0103 \u0219i biodiversitate a Universit\u0103\u0163ii Bucure\u015fti prin e-\u0219tiin\u021b\u0103 \u0219i tehnologie \u2013 Lifewatch Rom\u00e2nia","og_description":"Scop: Dezvoltarea si modernizarea unor componente ale infrastructurii ca suport pentru activitatea de cercetare ecosistemic\u0103 \u015fi biodiversitate si pentru formarea resursei umane in cadrul Universitatii din Bucuresti in domenii conexe. \u2022Proiectul raspunde necesitatii alinierii tehnologice ale infrastructurilor de cercetare din Romania la cele existente pe plan European, facand parte din eforturile de coagulare a unor Read More","og_url":"https:\/\/lifewatch.unibuc.ro\/?page_id=2","og_site_name":"Int\u0103rirea capacit\u0103\u0163ii de cercetare ecosistemic\u0103 \u0219i biodiversitate a Universit\u0103\u0163ii Bucure\u015fti prin e-\u0219tiin\u021b\u0103 \u0219i tehnologie \u2013 Lifewatch Rom\u00e2nia","article_modified_time":"2021-04-27T10:55:42+00:00","twitter_card":"summary_large_image","twitter_misc":{"Timp estimat pentru citire":"2 minute"},"schema":{"@context":"https:\/\/schema.org","@graph":[{"@type":"WebPage","@id":"https:\/\/lifewatch.unibuc.ro\/?page_id=2","url":"https:\/\/lifewatch.unibuc.ro\/?page_id=2","name":"Scop \u0219i obiective - Int\u0103rirea capacit\u0103\u0163ii de cercetare ecosistemic\u0103 \u0219i biodiversitate a Universit\u0103\u0163ii Bucure\u015fti prin e-\u0219tiin\u021b\u0103 \u0219i tehnologie \u2013 Lifewatch Rom\u00e2nia","isPartOf":{"@id":"https:\/\/lifewatch.unibuc.ro\/#website"},"datePublished":"2021-02-18T12:15:06+00:00","dateModified":"2021-04-27T10:55:42+00:00","breadcrumb":{"@id":"https:\/\/lifewatch.unibuc.ro\/?page_id=2#breadcrumb"},"inLanguage":"ro-RO","potentialAction":[{"@type":"ReadAction","target":["https:\/\/lifewatch.unibuc.ro\/?page_id=2"]}]},{"@type":"BreadcrumbList","@id":"https:\/\/lifewatch.unibuc.ro\/?page_id=2#breadcrumb","itemListElement":[{"@type":"ListItem","position":1,"name":"Home","item":"https:\/\/lifewatch.unibuc.ro\/"},{"@type":"ListItem","position":2,"name":"Scop \u0219i obiective"}]},{"@type":"WebSite","@id":"https:\/\/lifewatch.unibuc.ro\/#website","url":"https:\/\/lifewatch.unibuc.ro\/","name":"Int\u0103rirea capacit\u0103\u0163ii de cercetare ecosistemic\u0103 \u0219i biodiversitate a Universit\u0103\u0163ii Bucure\u015fti prin e-\u0219tiin\u021b\u0103 \u0219i tehnologie \u2013 Lifewatch Rom\u00e2nia","description":"","publisher":{"@id":"https:\/\/lifewatch.unibuc.ro\/#organization"},"potentialAction":[{"@type":"SearchAction","target":{"@type":"EntryPoint","urlTemplate":"https:\/\/lifewatch.unibuc.ro\/?s={search_term_string}"},"query-input":{"@type":"PropertyValueSpecification","valueRequired":true,"valueName":"search_term_string"}}],"inLanguage":"ro-RO"},{"@type":"Organization","@id":"https:\/\/lifewatch.unibuc.ro\/#organization","name":"Int\u0103rirea capacit\u0103\u0163ii de cercetare ecosistemic\u0103 \u0219i biodiversitate a Universit\u0103\u0163ii Bucure\u015fti prin e-\u0219tiin\u021b\u0103 \u0219i tehnologie \u2013 Lifewatch Rom\u00e2nia","url":"https:\/\/lifewatch.unibuc.ro\/","logo":{"@type":"ImageObject","inLanguage":"ro-RO","@id":"https:\/\/lifewatch.unibuc.ro\/#\/schema\/logo\/image\/","url":"https:\/\/lifewatch.unibuc.ro\/wp-content\/uploads\/2021\/04\/cropped-Picture1.jpg","contentUrl":"https:\/\/lifewatch.unibuc.ro\/wp-content\/uploads\/2021\/04\/cropped-Picture1.jpg","width":878,"height":200,"caption":"Int\u0103rirea capacit\u0103\u0163ii de cercetare ecosistemic\u0103 \u0219i biodiversitate a Universit\u0103\u0163ii Bucure\u015fti prin e-\u0219tiin\u021b\u0103 \u0219i tehnologie \u2013 Lifewatch Rom\u00e2nia"},"image":{"@id":"https:\/\/lifewatch.unibuc.ro\/#\/schema\/logo\/image\/"}}]}},"_links":{"self":[{"href":"https:\/\/lifewatch.unibuc.ro\/index.php?rest_route=\/wp\/v2\/pages\/2","targetHints":{"allow":["GET"]}}],"collection":[{"href":"https:\/\/lifewatch.unibuc.ro\/index.php?rest_route=\/wp\/v2\/pages"}],"about":[{"href":"https:\/\/lifewatch.unibuc.ro\/index.php?rest_route=\/wp\/v2\/types\/page"}],"author":[{"embeddable":true,"href":"https:\/\/lifewatch.unibuc.ro\/index.php?rest_route=\/wp\/v2\/users\/1"}],"replies":[{"embeddable":true,"href":"https:\/\/lifewatch.unibuc.ro\/index.php?rest_route=%2Fwp%2Fv2%2Fcomments&post=2"}],"version-history":[{"count":2,"href":"https:\/\/lifewatch.unibuc.ro\/index.php?rest_route=\/wp\/v2\/pages\/2\/revisions"}],"predecessor-version":[{"id":13,"href":"https:\/\/lifewatch.unibuc.ro\/index.php?rest_route=\/wp\/v2\/pages\/2\/revisions\/13"}],"wp:attachment":[{"href":"https:\/\/lifewatch.unibuc.ro\/index.php?rest_route=%2Fwp%2Fv2%2Fmedia&parent=2"}],"curies":[{"name":"wp","href":"https:\/\/api.w.org\/{rel}","templated":true}]}}